 of 20867844?
False
Is 1438 a factor of 228686006?
False
Does 2829 divide 21044931?
True
Is 5041419729 a multiple of 13355?
False
Does 1472 divide 38735680?
True
Is 13267208 a multiple of 1200?
False
Is 491 a factor of 875297563?
False
Is 33107022 a multiple of 78?
True
Does 4691 divide 78842476?
False
Is 22224546 a multiple of 267?
True
Is 9 a factor of 6966807456?
False
Is 41426360 a multiple of 7?
False
Does 2076 divide 8584260?
True
Does 321 divide 120963613?
False
Is 173782050 a multiple of 2528?
False
Is 361 a factor of 6790605?
False
Is 104 a factor of 91673296?
True
Is 362333862 a multiple of 3901?
False
Does 313 divide 29692745?
True
Is 520 a factor of 107686079?
False
Is 7313760 a multiple of 144?
True
Does 1487 divide 29554125?
True
Is 29 a factor of 1205384602?
False
Is 8 a factor of 60492016?
True
Is 9 a factor of 42084531?
True
Is 2 a factor of 13712487?
False
Is 152 a factor of 84436375?
False
Is 53 a factor of 8372516?
True
Is 3 a factor of 19096368?
True
Is 78 a factor of 71690892?
True
Is 7 a factor of 58733?
False
Does 44 divide 3956817348?
True
Does 34 divide 229314020?
True
Is 721521554 a multiple of 26?
True
Does 2567 divide 128186895?
False
Is 5182 a factor of 40931629?
False
Does 80 divide 414154240?
True
Is 81866575 a multiple of 305?
True
Is 1319 a factor of 15338651?
True
Is 4643 a factor of 943657249?
True
Is 13 a factor of 190266026?
False
Is 29 a factor of 311904481?
False
Is 123190683 a multiple of 31?
True
Is 641717413 a multiple of 2783?
False
Is 327080204 a multiple of 44?
True
Is 470762546 a multiple of 2121?
False
Does 391 divide 328576068?
True
Is 84956877 a multiple of 103?
False
Is 149522606 a multiple of 20?
False
Is 6 a factor of 108020763?
False
Is 47 a factor of 40090248?
True
Does 21 divide 191531571?
True
Does 625 divide 17335000?
True
Does 144 divide 7080945?
False
Is 8023410 a multiple of 590?
True
Is 703571978 a multiple of 362?
True
Is 7 a factor of 3861508?
True
Does 28 divide 13031898?
False
Is 366493194 a multiple of 4203?
True
Is 65 a factor of 45784050?
True
Is 144268985 a multiple of 49?
True
Is 114 a factor of 3024606276?
True
Is 12 a factor of 54354770?
False
Does 2 divide 82243021?
False
Is 1147240150 a multiple of 1732?
False
Is 517 a factor of 1213610453?
True
Does 32 divide 1257295121?
False
Does 360 divide 27732240?
True
Does 15 divide 104031715?
False
Does 25 divide 11151350?
True
Is 449 a factor of 27105232?
True
Is 25 a factor of 54694650?
True
Is 45020985 a multiple of 15?
True
Is 43728558 a multiple of 22?
False
Is 1707 a factor of 349245286?
False
Is 89 a factor of 13653277?
False
Is 2105822015 a multiple of 781?
True
Does 1102 divide 5082424?
True
Is 3 a factor of 8530842?
True
Is 18998828 a multiple of 58?
True
Is 9082996 a multiple of 55?
False
Is 44 a factor of 24883372?
False
Is 44892207 a multiple of 9?
True
Is 13516330 a multiple of 466?
True
Does 22 divide 1067471130?
True
Is 31 a factor of 1521957637?
False
Is 451509843 a multiple of 3?
True
Does 1163 divide 4649674?
True
Is 984 a factor of 7084800?
True
Is 864 a factor of 15885449?
False
Does 2 divide 16890944?
True
Is 63 a factor of 32976909?
True
Is 9 a factor of 213413764?
False
Does 106 divide 1443444430?
False
Is 8776212 a multiple of 3?
True
Is 66 a factor of 42114193?
False
Is 451028110 a multiple of 130?
True
Is 35448050 a multiple of 275?
True
Is 196231770 a multiple of 294?
True
Is 488972353 a multiple of 19?
True
Is 1010360056 a multiple of 16?
False
Is 220605197 a multiple of 2479?
False
Is 40 a factor of 780875760?
True
Is 127649228 a multiple of 742?
True
Is 80235298 a multiple of 26?
True
Is 9 a factor of 20402802?
True
Is 376 a factor of 7250955?
False
Is 159196368 a multiple of 12?
True
Is 3029 a factor of 1279485169?
False
Is 44020619 a multiple of 33?
False
Is 13 a factor of 172423017?
True
Is 812 a factor of 225901648?
True
Is 164 a factor of 56401076?
True
Is 209310400 a multiple of 200?
True
Is 124 a factor of 10855386?
False
Is 17897262 a multiple of 944?
False
Is 3 a factor of 10499126?
False
Is 12 a factor of 2429256780?
True
Is 4890 a factor of 1034239890?
True
Is 3181 a factor of 75422375?
False
Is 7634 a factor of 2955184313?
False
Is 55988080 a multiple of 99?
False
Is 16413368 a multiple of 25?
False
Does 649 divide 1867828490?
True
Is 2368550439 a multiple of 10?
False
Is 8 a factor of 74226784?
True
Does 13 divide 2803401627?
True
Does 6 divide 31101824?
False
Is 16 a factor of 1888573600?
True
Is 551938842 a multiple of 637?
True
Is 249420636 a multiple of 1938?
False
Is 19549653 a multiple of 572?
False
Is 517 a factor of 51029968?
True
Is 18292631 a multiple of 2?
False
Is 204 a factor of 8494764?
True
Does 2 divide 6621673?
False
Is 123 a factor of 131961825?
False
Is 207120492 a multiple of 3924?
True
Is 141 a factor of 840020095?
False
Does 168 divide 81776856?
True
Is 1011 a factor of 2402900733?
False
Is 44314710 a multiple of 1290?
False
Is 347 a factor of 24289042?
False
Does 370 divide 151508419?
False
Is 9920134 a multiple of 42?
False
Is 696 a factor of 866509251?
False
Is 4027 a factor of 305004980?
True
Is 9 a factor of 369075506?
False
Does 3 divide 15093440?
False
Is 622 a factor of 266114956?
False
Is 993562416 a multiple of 1386?
True
Is 153 a factor of 11109024?
True
Is 11 a factor of 398405281?
False
Is 24 a factor of 25457328?
True
Is 94 a factor of 1438627125?
False
Does 29 divide 56698236?
False
Does 2 divide 139822450?
True
Is 19 a factor of 12672183?
True
Is 156 a factor of 135525363?
False
Does 743 divide 159301429?
True
Is 18123717 a multiple of 7?
False
Is 9234 a factor of 6252438069?
False
Does 922 divide 474098854?
True
Is 48 a factor of 50827219?
False
Is 3125 a factor of 29904908?
False
Does 742 divide 44059302?
False
Is 40 a factor of 12261720?
True
Is 547 a factor of 62491468?
True
Is 52813950 a multiple of 25?
True
Is 11975052 a multiple of 124?
True
Is 5494 a factor of 1836721116?
True
Is 54 a factor of 31908978?
True
Is 609603239 a multiple of 1681?
False
Is 2285 a factor of 22417861?
False
Is 144 a factor of 2035224843?
False
Does 630 divide 13658400?
True
Does 6 divide 139664172?
True
Is 66592668 a multiple of 4?
True
Is 680 a factor of 40656593?
False
Does 6 divide 127303314?
True
Does 1171 divide 318307075?
True
Is 10987524 a multiple of 850?
False
Is 5531 a factor of 3282479685?
False
Is 788794925 a multiple of 33?
False
Does 220 divide 1027538811?
False
Is 46 a factor of 1226798273?
False
Is 65 a factor of 196075?
False
Does 2771 divide 497971383?
False
Is 1184217 a multiple of 608?
False
Is 4 a factor of 62931958?
False
Is 266 a factor of 232239419?
False
Is 41349223 a multiple of 128?
False
Is 4 a factor of 118855363?
False
Does 33 divide 2719085044?
False
Is 14 a factor of 1529654?
True
Does 15 divide 160318350?
True
Does 2327 divide 110374964?
False
Is 73 a factor of 5049526000?
False
Does 474 divide 436381576?
False
Is 376 a factor of 453061200?
True
Does 23 divide 10377807?
True
Does 1710 divide 96726150?
True
Does 14 divide 24775534?
True
Does 4 divide 94423537?
False
Is 61834472 a multiple of 196?
True
Is 19 a factor of 901400368?
False
Is 23976126 a multiple of 12?
False
Is 3 a factor of 574902567?
True
Is 811 a factor of 219645036?
False
Is 126778870 a multiple of 10?
True
Is 455 a factor of 27888770?
True
Does 1256 divide 34630660?
False
Does 394 divide 2757685916?
False
Is 93186282 a multiple of 238?
True
Does 18 divide 3038582766?
False
Is 7 a factor of 184122136?
False
Is 31 a factor of 1854970708?
False
Does 1898 divide 89424270?
True
Is 5 a factor of 755272660?
True
Does 16 divide 1324234128?
True
Is 36245160 a multiple of 133?
True
Does 23 divide 82511120?
True
Is 233 a factor of 75457749?
True
Does 34 divide 13783974?
True
Is 125381760 a multiple of 912?
True
Does 220 divide 156894760?
True
Does 1301 divide 485385009?
False
Is 365 a factor of 21711660?
True
Does 21 divide 1065353772?
True
Does 15 divide 6262140?
True
Does 170 divide 6704460?
True
Is 629875851 a multiple of 1291?
False
Does 58 divide 462515805?
False
Is 148644979 a multiple of 2023?
False
Is 138 a factor of 42347181?
False
Is 1441487 a multiple of 179?
True
Is 2497 a factor of 118558369?
False
Does 14 divide 46603522?
True
Does 127 divide 283884370?
True